alculate the highest common factor of 27 and f.
27
Let u = -82 - -120. Suppose 4*i = 54 + u. What is the greatest common factor of i and 23?
23
Suppose -2*n + n + 66 = 0. Let j = 6 - -51. Let y = -24 + j. What is the highest common factor of y and n?
33
Suppose -302 + 36 = 7*b. Let u = -32 - b. Calculate the highest common divisor of 1 and u.
1
Let j = 40 - -29. Suppose u - 117 = -94. Calculate the greatest common divisor of j and u.
23
Suppose -2*y = -3*q + 5*q - 80, 200 = 5*q - 4*y. What is the highest common divisor of q and 60?
20
Suppose -85 = -k - 4*h, 5*k - h - 60 = 302. Calculate the greatest common factor of 146 and k.
73
Let r be ((-255)/(-17) + -21)*(-218)/4. What is the highest common factor of 3 and r?
3
Suppose -t + 82 = 5*n - 6*n, 4*t = 2*n + 320. Calculate the greatest common factor of 1950 and t.
78
Suppose 3*u = -5*j + 637, 0*j + 2*u - 254 = -2*j. Let c = j - 21. Let q = -75 + c. Calculate the greatest common divisor of q and 8.
8
Let i = 373 + -199. Calculate the highest common factor of i and 290.
58
Suppose 200*i - 197*i - 9 = 0. What is the greatest common factor of 9 and i?
3
Let o(z) = 6*z - 39. Let n be o(10). Let v be 1 + 27/(-21) - (-405)/n. Calculate the highest common factor of 19 and v.
19
Suppose q + 13 = 2*q - 5. Let m be -264*(-2 - 5/(-4)). What is the greatest common divisor of q and m?
18
Suppose i = -b, -5*i - b + 18 = -2*b. Suppose 0 = 2*x + i*p + 3, 0*p + 2*p = 6. Let c = 23 + x. Calculate the highest common divisor of 153 and c.
17
Suppose -4192 - 960 = -56*f. Calculate the greatest common divisor of f and 69.
23
Let a(i) = -22*i + 303. Let n be a(11). What is the highest common divisor of 2318 and n?
61
Let m be (1 - -19)*(139 - 128). Calculate the highest common factor of 165 and m.
55
Let u be (64/(-60))/(-8) + (-2638)/(-15). What is the greatest common factor of 154 and u?
22
Let p be (-588)/27 + 4/(-18). Let b = p - -31. Let t be (2/6)/(1/9). Calculate the greatest common divisor of t and b.
3
Let y(w) = w**3 + 12*w**2 + 6*w - 15. Let r be y(-11). Let m be r/5 + (0 - 0). What is the greatest common factor of m and 32?
8
Let l(t) be the third derivative of t**5/15 - t**3/3 + 4*t**2. Let c be l(2). Suppose 0*k = -k + c. Calculate the greatest common factor of k and 21.
7
Let d = 4 - 2. Suppose -3*b + 3*i = -30, 5*b + d*i - 49 = 6*i. Suppose -b = 5*t + 1, -4*m + 5*t = -334. Calculate the highest common divisor of m and 27.
27
Suppose 16*x - 5559 = -1239. What is the highest common divisor of x and 80?
10
Let f(m) = -33*m + 15. Let b(x) = -x + 1. Let r(i) = -4*b(i) - f(i). Let h be r(7). Calculate the greatest common factor of 12 and h.
12
Let m be ((-159)/6)/(-1)*2. Suppose 12*w - 67 - m = 0. Calculate the highest common divisor of w and 10.
10
Suppose 4*m - m = 0. Suppose 0 = 3*y - z - m*z - 8, 3*y = -5*z + 32. What is the highest common factor of 28 and y?
4
Let i(t) = 16*t - 442. Let b be i(32). What is the greatest common divisor of 308 and b?
14
Suppose 4*u - 3*h = 106, 6*u - 3*u - 3*h - 81 = 0. Calculate the greatest common divisor of u and 200.
25
Suppose -s - 2 = -6. Let o = 4085 + -4053. What is the greatest common divisor of o and s?
4
Let a(l) = 6*l**2 + 36*l + 147. Let y be a(-5). What is the greatest common divisor of y and 312?
39
Suppose 0 = -j + 3*j - 64. Let x = -5 + j. What is the greatest common factor of x and 18?
9
Let s be ((-20)/3*2)/((-6)/18). Let w be (-10)/6*(-144)/s. What is the greatest common divisor of 9 and w?
3
Suppose 0 = 4*x + 2*q - 54, 2*q - 50 = -5*x + 16. Calculate the greatest common divisor of x and 6.
6
Suppose 2*o = -3*p + 19, 0 = -0*o - 4*o + 3*p - 7. Suppose 0 = -7*b + 44 - o. Calculate the highest common factor of 4 and b.
2
Let a be ((-1)/2)/((-2)/(-4)). Let u be a*((-112 - -2) + 2). Let z(g) = -g**2 + g + 128. Let d be z(11). What is the greatest common divisor of d and u?
18
Let v = 1285 - 1246. What is the highest common factor of 897 and v?
39
Let i be -14 - -10 - (-15)/3. What is the highest common divisor of i and 29?
1
Let c be (-3*6)/(-3) + 1. Let i(p) = 8*p - 165. Let g be i(25). Calculate the greatest common factor of g and c.
7
Suppose 3*f + 1 + 8 = 0. Let z be 86/((-6)/f) - 3. Suppose 2*x + 4*i = -0*i - 6, -5*x + 5*i = -45. Calculate the highest common divisor of x and z.
5
Suppose -15 + 0 = 5*u. Let j be 168/(-18)*u/2. Calculate the highest common divisor of j and 56.
14
Let b = -26 + 37. Let k be (-3*1/3)/((-1)/7). Let g(l) = 13*l - 14. Let h be g(k). Calculate the highest common factor of h and b.
11
Let i be 29 + (5/5)/(5/(-10)). Calculate the greatest common factor of i and 54.
27
Let c = -29 + 30. Let b(l) = l + 7. Let k be b(-4). Calculate the highest common factor of c and k.
1
Suppose -2*p + 3 = -3. Suppose -4*g + p*g = 8. Let f be (-4)/g*28 + -2. What is the greatest common factor of f and 132?
12
Let y(a) = -4*a + 27. Let g be y(0). Let o = g - 26. What is the greatest common divisor of 2 and o?
1
Let q(c) = -c + 95. Let i be q(23). Calculate the greatest common factor of 612 and i.
36
Suppose 125*y - 127*y + 48 = 0. Calculate the greatest common divisor of y and 156.
12
Suppose -4*p - 3*p + 28 = 0. Let v(g) = 93*g - 12. Let w be v(p). What is the highest common factor of 40 and w?
40
Let a = -124 + 300. What is the highest common factor of a and 55?
11
Let d(s) = 312*s**2 - 6*s + 4. Let k be d(2). What is the highest common divisor of 31 and k?
31
Suppose 3*l - 44 = -x, 41 = 3*l - 0*l + 4*x. What is the greatest common factor of l and 15?
15
Let c(q) = q**2 - 8*q + 44. Let s be c(12). Let r(b) = -5*b - 7. Let z be r(-6). Calculate the highest common divisor of z and s.
23
Let p be (-56)/(-42) - 2/(-3). Suppose -203 = -5*c - p*c. What is the greatest common factor of 29 and c?
29
Let g(b) = b**3 - 8*b**2 - 2*b + 1. Let c be 3 - (-1)/(3/99). Suppose 0 = -2*t - 2*t + c. Let k be g(t). What is the greatest common factor of k and 8?
8
Suppose 2*z - 2*s = 26, -z - 3*z = s - 42. Let m(a) = 1 + 4*a - 4*a + 5 - 9*a. Let d be m(-3). What is the highest common factor of d and z?
11
Suppose -19*y + 1343 = 127. Calculate the greatest common factor of 40 and y.
8
Let g(m) be the third derivative of m**6/120 + m**5/30 + m**4/8 + m**3 + 14*m**2. Let s be g(3). Calculate the highest common divisor of s and 150.
30
Suppose 4*k - 23 = -i + 7, 3*i = -5*k + 62. Let p be (i/(-35))/(1/(-120)). What is the greatest common factor of 6 and p?
6
Suppose -14 = -i - 2*w + 14, -8 = 2*w. What is the greatest common divisor of 198 and i?
18
Suppose 0 = 41*i - 39*i - 156. What is the greatest common divisor of 3 and i?
3
Let s = -4 + 6. Let m be (-2 + (3 - 3))*(-2 - -1). Suppose 0 = -2*t, 585 = m*g + 3*g + s*t. What is the greatest common factor of 13 and g?
13
Let d = -2337 + 2397. Calculate the highest common divisor of 804 and d.
12
Let y = -54 - -55. What is the greatest common factor of 25 and y?
1
Let g = -3 + 5. Suppose 20 = 2*v + g*l, 3*v = 2*v - 5*l + 30. Let a be 4/(-4) - (3 + (-18)/2). Calculate the highest common factor of v and a.
5
Let p = 44 + -35. What is the greatest common factor of p and 72?
9
Let j(y) = -y**2 + 9*y - 24. Let z be j(6). Let h be z/(-4)*80/15. What is the highest common divisor of h and 64?
8
Suppose -m + 2*m = -11. Let q = 15 + m. Calculate the highest common divisor of 20 and q.
4
Let g = 22 - 22. Suppose -7*c + 121 + 75 = g. What is the greatest common factor of c and 21?
7
Let c be (8/6)/((-13)/117). Let l be (-3 - -1)*36/c. Calculate the highest common factor of l and 30.
6
Suppose -t - 2*t + 102 = 0. Suppose -2*d - 5*j = -40 - 8, 5*d + 3*j = 158. Calculate the highest common factor of t and d.
34
Let k(f) = 112*f**2 + f - 2. Let q be k(2). Suppose 5*x + 178 = q. Suppose 66 = 10*z + z. Calculate the highest common factor of x and z.
6
Let q = 981 + -973. Let d = 17 - 1. Calculate the greatest common factor of d and q.
8
Suppose 0 = -4*f - 5*p + 349, -3*p - 220 = -4*f + 89. Calculate the greatest common divisor of 18 and f.
9
Let z be (10/30)/((-2)/(-216)). Suppose q = -r + 1, 4*r + 1 = -11. Calculate the greatest common factor of q and z.
4
Let y(v) = -v - 1. Let r be 0 + -18*(-3)/6. Let l = r - 16. Let u be y(l). Calculate the greatest common divisor of u and 4.
2
Suppose -4*k = 6 - 70. Suppose -7 = -5*c - 3*x, -2*x + 2 = 